hat are the prime factors of j?
11
Suppose 4*m = 4*f - 108, 0*m + 66 = 3*f + 2*m. Suppose -5*v - f = -j + 36, -v + 132 = 3*j. List the prime factors of j.
3, 5
Let j(g) = -g**3 - 4*g**2 + 3*g + 7. Let k be j(-3). Let t be 4*(k/4 + 1). What are the prime factors of ((-120)/(-35))/((-1)/t)?
2, 3
Suppose d = 2*v - 2, 4*d + 0*v = v + 20. Suppose b = d + 2. Let w(j) = -j**2 + 10*j - 6. What are the prime factors of w(b)?
2, 5
Let z = -2178 + 4067. List the prime factors of z.
1889
What are the prime factors of 8790/20*(-252)/(-27)?
2, 7, 293
Let z(a) = -a**2 - a + 3. Let g be z(0). Suppose 40 = g*n - n. Suppose -2*o - n = -4*o. What are the prime factors of o?
2, 5
Let r = -14 - -16. Suppose 145 + 135 = -r*p. Let o = p - -207. What are the prime factors of o?
67
Let x(b) = 3*b + 63. What are the prime factors of x(-10)?
3, 11
Let k(u) = 7. Let z(q) = q - 1. Let v(f) = -k(f) + 3*z(f). Suppose -t + 4*p - 2 = 2*p, -20 = -4*p. What are the prime factors of v(t)?
2, 7
Let m(b) = 8*b**3 + 16*b**2 - 5*b + 14. What are the prime factors of m(5)?
3, 463
Suppose -a + 2*d + 82 = 6*d, -a - 2*d = -82. Suppose 0 = -4*f + 5*c + a, 5*f + 2*c = c + 88. What are the prime factors of f?
2, 3
Let b = 519 - 275. What are the prime factors of b?
2, 61
Suppose -l + 5*s - 1 = -11, 0 = -2*l + 2*s - 12. Let p = 73 - 71. What are the prime factors of l/5 + 26/p?
11
Suppose b = 3*b - 50. Let v be (16/(-20))/((-2)/b). Suppose -4*s + 8*s + p - 58 = 0, -5*p - v = 0. List the prime factors of s.
3, 5
Suppose -a + 2*a = 0. Suppose -3*r + 9 = -a*r. Suppose r*p - p = 44. What are the prime factors of p?
2, 11
What are the prime factors of -9 - -2 - (-1352 + 4)?
3, 149
Let m = 736 - -194. List the prime factors of m.
2, 3, 5, 31
Let c(r) be the second derivative of r**3/2 + r**2/2 + 3*r. Let x be c(1). Suppose -132 = -x*i + i. List the prime factors of i.
2, 11
Let j(h) = -h - 8. Let c be j(-9). Let z = 3 - c. Suppose 2*n = a - 11, a - 5*n + 25 = z*a. List the prime factors of a.
3, 5
Let h(i) be the second derivative of -i**4/6 + 29*i**3/6 - 21*i**2/2 - 4*i. What are the prime factors of h(11)?
2, 7
Let k(t) = -2*t**3 + t**2 - 4*t - 3. Suppose y - 9 = 4*y. List the prime factors of k(y).
2, 3
Let n(o) = -o**3 - 3*o**2 - 5*o - 4. Let s be n(-2). Let k be (-1)/s + (-213)/6. Let z = k + 73. What are the prime factors of z?
37
Let w(r) = r**3 + 10*r**2 - 10*r - 12. Let t be w(-11). Let b = t + 21. Let c(a) = a**3 + 2*a**2 - a + 2. List the prime factors of c(b).
2
Suppose 17*l = 21*l + 2*v - 2018, -l + 5*v + 521 = 0. What are the prime factors of l?
2, 11, 23
Let o = 2049 + -1319. What are the prime factors of o?
2, 5, 73
Let u(z) = 25*z - 15. Let m(f) = -38*f + 23. Let q(g) = 5*m(g) + 8*u(g). List the prime factors of q(5).
3, 5
Let v(i) = -i**2 - 16*i - 10. Let c be v(-11). Let j = -24 + c. Let k = -11 + j. List the prime factors of k.
2, 5
Let v = 135 - 74. Let g = 133 - v. What are the prime factors of g?
2, 3
Let h = 37 + -41. List the prime factors of (h/(-1) - -4)*4.
2
Let w be 1/(-7) + (-165)/(-77). Suppose w*h + 15 = 7*h. Suppose -2*g + 205 = h*g + 5*t, 2*g - 94 = 4*t. List the prime factors of g.
43
List the prime factors of 8202/10 + 39/(-195).
2, 5, 41
Let t = -5929 - -10453. List the prime factors of t.
2, 3, 13, 29
Let b(f) = 42*f + 585. What are the prime factors of b(9)?
3, 107
Let c(y) = y**3 - 2*y**2 - y - 242. Let v be c(0). Let b = -138 - v. What are the prime factors of b?
2, 13
Let q = -17 - -52. Let g be (-3)/(1/(-2) + (-1)/2). Suppose 4*b + 5*y = q, -g*b - 3*y = 2*y - 25. What are the prime factors of b?
2, 5
Suppose 164 = 5*w + h, 0*h = -w - 2*h + 31. Let n = 0 + 2. What are the prime factors of ((-88)/w)/(n/(-6))?
2
Let t = 1051 - 307. What are the prime factors of t?
2, 3, 31
Suppose 38*i - 5715 = 29*i. List the prime factors of i.
5, 127
Suppose 4*w = -3*h + 3584, 2*h - 1121 = -w + 1275. List the prime factors of h.
2, 3, 5
Suppose 0*f - f = -5. Let j(h) = h**3 + 2 - 2*h - 53*h**2 + 26*h**2 + 23*h**2. List the prime factors of j(f).
17
Let a = -184 - -545. List the prime factors of a.
19
Suppose 2*z - 1 - 81 = 0. Suppose 3*b - z = 2*b. List the prime factors of b.
41
Let v = 107 - 71. Suppose -v = -0*d - 3*d. Suppose 8*m + 144 = d*m. What are the prime factors of m?
2, 3
Let z(v) = 4*v**3 + 10*v**2 + 8*v + 5. Let a be z(-7). Let c be a/(-11) - 10/(-55). Suppose -8*b + 3*b + c = 0. What are the prime factors of b?
17
Suppose -m = -3*w + 922, -6*w + 3*m + 294 = -5*w. What are the prime factors of w?
3, 103
Let x(v) = 13*v**2 + 4*v - 10. Let s be x(-5). Let r = s - 108. List the prime factors of r.
11, 17
Let k(y) = -4 + 5*y**2 + 7*y**2 + 3*y - 8 + 3. What are the prime factors of k(3)?
2, 3
Suppose 0 = 3*o - 306 - 408. Suppose -o = -4*s + 406. Suppose 5*h + 36 = s. List the prime factors of h.
5
Suppose 0 = 15*s - 3787 - 413. What are the prime factors of s?
2, 5, 7
Suppose y - 63 = -b, 0*y + 2*b = 4*y - 282. Suppose -20 - y = -x. List the prime factors of x.
2, 11
Suppose -f + 4 = 2*g, -2*f + 4*f - 9 = -5*g. Suppose f*j - 107 = 53. Let t = -28 + j. What are the prime factors of t?
2, 13
Let t = 62 + -141. Let u = -14 - t. List the prime factors of u.
5, 13
Let y = 392 - 200. Let k(w) = -6*w**2 - 3*w - 2. Let c be k(-5). Let q = c + y. List the prime factors of q.
5, 11
Suppose 9*j + 55 = 10*j. What are the prime factors of j?
5, 11
Suppose -5*p + 4*p + 2 = 0. Suppose -p*x + 0 + 8 = 0. Suppose -x*l + 13 = -3. List the prime factors of l.
2
Let o(u) = 1403*u**2 + 4*u - 2. What are the prime factors of o(1)?
5, 281
Let y = -15 + 19. Let v(o) = 18*o - 7. What are the prime factors of v(y)?
5, 13
Let k(b) = -12*b - 6. Let z be k(-5). Suppose -c + z = -3*h, -c + 6*c = 2*h + 322. What are the prime factors of (-3 + c/4)*4?
2, 3
Let k(z) = 2*z**3 + 10*z - 3*z**3 + 14 + 2*z**3 - 5 + 10*z**2. Let w be k(-7). Suppose -5*n + w = -79. What are the prime factors of n?
3, 11
What are the prime factors of 14/7*(-4 - 818/(-4))?
401
Let z(s) = 90*s - 79. What are the prime factors of z(8)?
641
Let l(u) be the first derivative of -u**2 + 16*u + 12. Let m be l(7). Suppose 5*a = 5, a = m*q + 4*a - 147. What are the prime factors of q?
2, 3
Let f = 53 + -57. What are the prime factors of (f/12)/((-3)/225)?
5
Let t be -1*(-2)/4 - 171/(-6). Suppose 2*a - 60 = -q + t, -2*q + 3*a = -171. List the prime factors of q.
3, 29
Let w be (-294)/(-3) - (-10)/(-5). Suppose -2*j = -5*r - w - 64, -2*r = 5*j - 342. What are the prime factors of j?
2, 5, 7
What are the prime factors of (3 + -1 + -8)*241218/(-324)?
3, 1489
Suppose 6 = j + 4. Suppose -2*u = 5*l - 477, -l = l + j*u - 186. List the prime factors of l.
97
Suppose -5*j = 3*p - 40, p - 35 = -4*p - 2*j. Let w(s) = s**3 - 5*s**2 + 8*s - 3. List the prime factors of w(p).
37
Let p(o) = -4*o - 215. Let w(b) = -b - 54. Let j(i) = 2*p(i) - 9*w(i). Let t be (9/(-3) - -3)*1. List the prime factors of j(t).
2, 7
What are the prime factors of 90063/21 - -6*11/231?
4289
What are the prime factors of (389/2 - -3)*1100/125?
2, 11, 79
Let u(h) = h**3 - 11*h**2 + 15. Let z(n) = -3*n**3 + 31*n**2 + n - 44. Let d(w) = -8*u(w) - 3*z(w). What are the prime factors of d(9)?
3, 103
Let f = -113 + 106. Let q(v) = 2*v**2 + 16*v + 41. What are the prime factors of q(f)?
3
Let p be 6 + (0 - (0 + 4)). Let w(a) = 11*a**p + 2 + 0 - 10*a + a**3 - 4*a**2 + 9. List the prime factors of w(-8).
3
Let r(m) = -5 - 13 + 27*m - 30*m. What are the prime factors of r(-18)?
2, 3
Suppose 0 = 5*l - 5, 0*l - 518 = t + 4*l. Let b = -267 - t. List the prime factors of b.
3, 5, 17
Suppose 0*n - 156 = -4*n. Let j = n + -34. List the prime factors of j.
5
Let l = 618 + -376. What are the prime factors of l?
2, 11
Let t(g) = -2*g**3 + 3*g**2 - 14*g + 18. What are the prime factors of t(-8)?
2, 673
List the prime factors of -5*(-10)/(-25) + (2 - -940).
2, 5, 47
Let b be 1676/(-14) - (-6)/(-21). List the prime factors of -3*((-4)/9)/((-16)/b).
2, 5
Let k be (-1 + -2)*(-28)/(-21). Let d be (-1 + 0)/((-3)/33). Let i = d - k. List the prime factors of i.
3, 5
List the prime factors of (-7 - (0 - 0)) + 1070.
1063
Let v = 8 + -6. Let g be (-5 + 5)*(-1)/2. Suppose g = -4*x + 2*p - p + 51, -2*x + v*p = -18. What are the prime factors of x?
2, 7
List the prime factors of 4516 - (-9)/((-81)/(